*y**2 - 3*y + 3. Let h be w(1). Is s(h) composite?
False
Let w be 7 - (-5 - (-7 - 2)). Suppose w*i = 495 + 138. Is i composite?
False
Let a be (-4 + 0)*(-18460)/16. Suppose 0 = 6*k - a - 5279. Is k composite?
True
Let y be (-45)/(-90) + 1/((-4)/3910). Let i = 504 - y. Is i a composite number?
False
Let h = 67 - 51. Let x(p) = p - 13. Let s be x(h). Suppose 5*q - 1081 = -4*l, -4*q - 4*l + 229 = -s*q. Is q prime?
False
Let b(u) = u**3 + 3*u**2 + 2*u + 1. Let c be b(-2). Let n(l) = -3 + 13 - 19*l - c. Is n(-4) a composite number?
True
Suppose 2634295 - 530630 = 85*i. Is i a composite number?
False
Let o(a) = a**3 + 61*a**2 + 3*a + 72. Let g be o(-55). Suppose 0*y + 4*c - g = -5*y, -y - 5*c + 3603 = 0. Is y a prime number?
True
Let y(p) = 49*p**2 + 3*p - 4. Let w be y(1). Is ((w/9)/8)/((-8)/(-239484)) a composite number?
True
Suppose -4*r = 3*t - 24, -2*t + 6*t + 25 = r. Let u(k) = k**2 - 9*k + 2. Let v be u(r). Is v - 3105/(-4 - 1) prime?
False
Is (36582/(-1638))/((-1)/11127) a prime number?
False
Let a(y) = -4*y**2 + 15*y - 16. Let h be a(-13). Let k = 1386 + h. Suppose -r = -0*r - 4*n - k, 0 = 3*n. Is r composite?
False
Let z = 197455 + -100962. Is z prime?
True
Let h = 219406 + -7937. Is h a composite number?
False
Suppose 3*m = -7*u + 110, -m = 4*u - 19 - 46. Suppose u*g = -2*g + 287489. Is g a prime number?
True
Let u be (-1 + (-19473)/9)*(-153)/102. Suppose -s + 2*a = -3255, 2*s = 3*s - 4*a - u. Is s a prime number?
False
Suppose 28*t - 26*t = -4*l + 4638544, 0 = -t + 6. Is l prime?
True
Let s = 14 + 1. Suppose -18 = q - s. Is 2/3 - 91/q composite?
False
Suppose -z = 2*s - s + 12, -4*z = 2*s + 48. Let m(y) = -2*y**3 - 10*y**2 + 3*y + 41. Is m(z) prime?
False
Let m(w) = w**3 - 108*w**2 + 173*w - 2620. Is m(107) composite?
True
Let h(r) = -2*r**2 - 45*r - 185. Let l be h(-6). Suppose -23694 + 104203 = l*c. Is c composite?
True
Let d(a) = 2*a - 24. Let t(f) = 2*f**3 - 4*f**2 - f - 1. Let v be t(3). Let r be d(v). Is ((-8)/r)/(-1 - (-114)/118) composite?
False
Suppose 0 = -3*q + 3, -z + 280 - 25 = -4*q. Let f = z - -1414. Is f prime?
False
Suppose -4*j - 1 = 47. Let h be (-9)/j + 865/4. Suppose -2*s - 1536 - h = -p, 5*s - 1753 = -p. Is p a prime number?
True
Suppose x + 417 - 43 = 0. Let p = -175 - x. Is p composite?
False
Is (-4)/(-6)*(-14 + 17) - (1 - 222136) prime?
True
Let y(t) = 70*t**2 + 177*t + 1630. Is y(-39) prime?
True
Let r = -52 + 57. Suppose 0 = 2*f + 3*x - 332, 108 = 5*f + r*x - 722. Let g = f - -513. Is g prime?
False
Let g = 10116 - 1087. Is g a prime number?
True
Let r = 581 - 261. Suppose 328*c - 9352 = r*c. Is c composite?
True
Let a(g) = 7*g**2 - 2*g - 7. Let o(k) = -7*k**2 + k + 8. Let l(f) = 4*a(f) + 5*o(f). Let s be l(-12). Let w = s + 1659. Is w a composite number?
True
Suppose -4*s - 1340 = 1056. Let p = 1018 + s. Is p a composite number?
False
Let v be 80 - (-4 + 3 + 3). Let g be (-20)/(5/(-1)) + -131. Let q = v - g. Is q a composite number?
True
Let k = -60 - -40. Let r be -4*(4/(-20) - (-6)/k). Suppose -r*b + 2631 = b. Is b a composite number?
False
Let y = -104 - -140. Suppose -31*w + y*w = -45. Let c(g) = -g**3 - 8*g**2 - 11*g - 17. Is c(w) a composite number?
False
Let g = -13563 + 16010. Is g composite?
False
Let c = -4225 - -8398. Let q = c - 2330. Is q composite?
True
Suppose 2*f + 8 = 44. Suppose -23*m + f*m + 200 = 0. Suppose s + c = m + 251, -5*s - c + 1455 = 0. Is s a prime number?
False
Suppose -2*h + 6*h = 2*h. Let u be h + 4/(-14) + (-84968)/(-56). Let i = -850 + u. Is i prime?
False
Is 2*-1 + 8809 - 0/(-25 + 8) prime?
True
Let b = -18010 + -1453. Let d = b - -34432. Is d prime?
True
Let k be (60/(-18))/(2/6438) - -2. Let a = k + 18301. Is a a prime number?
True
Suppose -40*b - 7755019 = -50*b - 853229. Is b a composite number?
True
Let v(h) = h**2 + 11*h + 35. Let u be v(-8). Let n(g) = 32*g**2 + 24*g - 9. Is n(u) prime?
True
Let j(v) = -74*v**3 - 16*v**2 + 80*v - 21. Is j(-16) a composite number?
False
Let q(u) = -2*u**3 + 5*u**2 + 11. Let w be q(-12). Suppose -7200 = -81*a + 65*a. Suppose a = x + 3*d - 943, -w = -3*x - 5*d. Is x prime?
True
Let z(m) = 2*m**3 + 6*m**2 - 85*m + 114. Is z(23) a prime number?
True
Let g(t) = -6*t**3 - 15*t**2 - 36*t - 92. Is g(-17) prime?
False
Let d(r) = -38*r**3 - 5*r**2 + 14*r - 17. Is d(-8) composite?
True
Let t = -25316 - -37727. Suppose -11*o = -2*o - t. Is o a prime number?
False
Let l(p) = p**2 + 4*p - 1. Let a be l(-2). Let i(j) = 50*j**2 - 2*j - 3. Let k be i(a). Suppose 4*c + y - 5423 - k = 0, 5*c - 8335 = -5*y. Is c prime?
False
Let o be ((-120)/(-16))/15*-4672. Is 36 - 37 - o*4*2 prime?
False
Let l(s) = -89*s - 25. Let y be l(-1). Suppose -58*g - 86406 = -y*g. Is g composite?
False
Suppose -130660 - 83429 - 131537 = -61*y. Is y a composite number?
True
Let j(u) = 582*u - 167. Let b = 263 + -236. Is j(b) prime?
False
Let y be (-2)/((-4)/3568*1). Suppose -5135 = -15*s + 20*s. Let h = y + s. Is h prime?
True
Let b(j) = 2*j**2 + 53 - 5577*j + 5598*j + j**2. Let r(o) = 6*o - 10. Let d be r(5). Is b(d) composite?
True
Suppose 152*b - 153*b + 333480 = 2*c, 666972 = 4*c + 4*b. Is c prime?
False
Is 461546/3 - (8 - (-152)/(-24)) a prime number?
False
Is (7 + -2)*2043646/110 a composite number?
False
Suppose -3*f + 25182 = 2*b, 0 = 3*f - b - 13636 - 11546. Suppose f = -58*q + 60*q. Is q a prime number?
False
Suppose -38*y + 35*y = 12. Is -5*y/40*29*254 a composite number?
True
Let w(z) = 343*z**3 + 8*z**2 + 120*z - 1333. Is w(10) a prime number?
True
Suppose 0 = -2*c - n + 6, 4*c - 3*n - 2*n + 2 = 0. Suppose -c*l = 4*p + 10, 4*p + 10 = -4*l - 10. Suppose p = 4*o - 2*o - 418. Is o composite?
True
Let a(y) be the first derivative of 3*y**4/4 + 8*y**3/3 - 14*y**2 - 2*y + 25. Is a(12) prime?
False
Let w(a) = -2794*a - 106. Let p be w(10). Let q = -17359 - p. Is q composite?
False
Suppose -p = 24*p + 1725. Is 662/(p/15 + 5) prime?
False
Suppose 2*x - t - 19 = 0, 2*x + 3*t - 31 = -0*t. Let f(i) = -i**3 + 10*i**2 + 12*i - 7. Let k be f(x). Is k + 1004/4 + -1 a composite number?
True
Let h = 41 - 41. Suppose h = z - 7 - 0. Is -418*(z/(-2) - -3) prime?
False
Let d(f) = 9*f**2 - 5*f - 287. Is d(36) composite?
False
Suppose -6*y - 16*y + 78774 = 16*y. Is y composite?
True
Let d = -814 - -828. Suppose d*o = -39*o + 718203. Is o a composite number?
True
Suppose 5*i = -j - 4, 2*j = -i - 9 + 1. Suppose i = -4*n - c - 275, 0*n - n + 2*c = 71. Is 2/(-1) - n/1 composite?
False
Suppose -12*i - 423989 + 1137314 = -1199847. Is i prime?
True
Let d = -1060 - -4056. Suppose -6 = -3*h, -7126 = -4*i + h + d. Is i prime?
True
Suppose -b + 5*l = -11078, -b + 6300 = 2*l - 4771. Suppose -4*c - b = 4*h - 61473, 0 = 2*c - 5*h - 25235. Is c a prime number?
False
Let h(g) be the first derivative of 4*g**4 - 4*g**3/3 - g**2/2 + 11*g - 7. Is h(4) prime?
True
Let s = -34988 + 91357. Is s a composite number?
False
Suppose -a - 5*g = 16, 0 = 3*a - 2*a - 2*g - 5. Let v be (a + 1)*(-1)/4*4. Is 1/(-3 - v)*-3*1061 a prime number?
True
Let y(k) = -k**3 - 7*k**2 + k - 43. Let p be y(-9). Suppose 2*z = 4*r - 150, 3*z + z - 3*r = -285. Let m = p - z. Is m a prime number?
True
Let l = -256 - -711. Let q = l - -4692. Is q composite?
False
Let j be ((8 - 173) + -6)*-1. Suppose j*q = 183*q - 120084. Is q prime?
True
Suppose -4*t + 2*q = -18, 4*t - 14 = -0*t - 2*q. Suppose 3*o + o = t*f, -f = o. Suppose 3*u + 2*b - 2039 = f, -b + 3*b = 2*u - 1356. Is u a composite number?
True
Suppose -6*h + 3024997 = -h + r, -5*r = 13*h - 7864997. Is h composite?
True
Suppose 15384 + 9134 = 26*n. Is n composite?
True
Let l = 50 - 68. Is (-49124)/(-9) - (-1)/l*4 a composite number?
True
Let t = 53947 - -94240. Is t composite?
True
Suppose -4*i + 25 = 4*f + f, 3*f = 3. Suppose r - 3*p = -2*r - 21, i*p = -25. Is (-17009)/(-3) - 1*r/(-18) a composite number?
False
Suppose 1332 = 7*g - 4506. Suppose -4*p + 394 + g = 0. Is p prime?
True
Let h = -601184 + 1041315. Is h a prime number?
True
Let b(r) be the first derivative of r**4/4 + r**3 - r**2/2 + 9*r + 27. Let u be b(-4). Is (-12780)/(-14) + 3*u/(-63) a composite number?
True
Suppose -9028 = 4*b + 26820. Is 1 - (b + -11)/((-3)/(-2)) a prime number?
False
Suppose 691101 - 2286701 = -400*f. Is f prime?
True
Suppose 17*s - 6 = 11*s. Let t be -6 + 3 - (-3298)/s. Is ((-4)/(-1) + -3)*t a com